a prime number?
True
Suppose -33 = -5*s - 2*x, -4*s + 3*s - x + 6 = 0. Suppose 8448 = 2*b + 5*h, 0 = -6*h + s*h + 2. Is b a prime number?
True
Let q = 34 - 32. Let k(a) = 4*a - 8. Let m be k(q). Suppose 3*f + 4577 = 4*x + 1159, -x + 4*f + 861 = m. Is x a composite number?
False
Suppose 21*a - 35 = 14*a. Suppose -1395 = 4*t + a*r - 11848, 3*t - 7839 = -4*r. Is t a prime number?
True
Suppose -18*x + 23*x - 1259976 = -19*x. Is x a composite number?
True
Let r = -103878 - -188507. Is r prime?
True
Let w(z) = -331*z + 2. Let m(n) = 332*n - 3. Let q(g) = 4*m(g) + 5*w(g). Let c(s) = -655*s - 4. Let j(r) = -6*c(r) + 13*q(r). Is j(-5) a composite number?
True
Let r = 16797 + -5584. Is r a prime number?
True
Let s = -7391 + 404. Is s/(-4) - 3*(-4)/48 a prime number?
True
Let l = -237814 + 483573. Is l composite?
False
Is (21/(-336)*-12548)/((-3)/(-276)) a prime number?
False
Let m(s) = 117*s + 229. Is m(112) composite?
True
Suppose 17*c = -119, 0 = -23*i + 22*i + 3*c + 201634. Is i a prime number?
False
Let y = 23 + -3. Let c = -18 + y. Is (c - 5)*(-3)/9 + 820 prime?
True
Let q be 0/(-3) - ((-6 - -1) + 2). Suppose -5*s = -2*s + 4*o - 113647, -q*o - 113661 = -3*s. Is s prime?
False
Suppose 2*l = b - 9492 - 3917, 4*b + 5*l = 53571. Is b prime?
True
Let p be -4 + 1 - 50/10. Let r(k) = k**2 + 11*k + 20. Let s be r(p). Is s - (-1422 + 3 - (-3)/(-1)) a composite number?
True
Let g(y) = 83*y - 10. Let z be (-1)/(1/(-6))*10/(-10). Let q be g(z). Is (q - 1)*(-2 - -1) a composite number?
False
Suppose -17*o + 444568 = -2122069 - 795334. Is o a composite number?
True
Suppose 97*o - 102*o - i - 2 = 0, -5*i = -5*o + 40. Let z(y) be the second derivative of 207*y**4/4 + 2*y**3/3 - y**2 - y. Is z(o) composite?
True
Let j = 37765 + -17048. Is j prime?
True
Let u(j) = 441*j**2 + 77*j - 129. Is u(-37) a prime number?
True
Is (16/(-12)*351257/(-4))/((-607)/(-1821)) composite?
False
Suppose 306 = 11*f - 207583. Is f composite?
False
Let a(w) = -12*w - 6. Let v(x) = x - 1. Let g(l) = -a(l) + 3*v(l). Let b be g(-1). Is (6/15)/(b/15)*-1730 a prime number?
False
Is 10*13/(-1170)*-7637499 prime?
True
Suppose 3*z + 50010 = -5*p, 50040 = -3*z - 0*p + 5*p. Let w be 0 - (1 + 2 + -7). Is (z/100)/(-1*1/w) composite?
True
Suppose 11*i + 17 = 6. Let s(k) = 12436*k**2 + k + 2. Is s(i) composite?
False
Let v(l) = 425*l - 7. Suppose 264 = -6*n + 17*n. Is v(n) a composite number?
False
Let z(y) = -y**3 - 4*y**2 + 5*y + 4. Let h be z(-5). Let c = 2593 - -1000. Suppose 0 = -5*n - h*i + 3591, 2*n - 7*n - 2*i + c = 0. Is n a prime number?
True
Let k be (9 - 26)*1*(-77 + 0). Suppose -k = -y + 52. Is y composite?
False
Let s(b) = -2*b + 3. Let v be s(-6). Is 189048/v + 9 + 6/(-5) a prime number?
True
Suppose -3*m = -3*r - 15, 3*r = -m - 4*m + 33. Suppose -11*g + m*g + 3145 = -5*x, 0 = x. Is g a composite number?
True
Suppose -4*g + 2*g = 138. Suppose 27*l - 29*l = 4*u - 164, 0 = -4*l + 3*u + 328. Let z = l + g. Is z composite?
False
Suppose -4*k = 2*d - 123536, 2*d - 17 = -13. Is k prime?
False
Let y(s) = -s**2 - 14*s + 39. Let b be y(-17). Let h be (6/b)/((-2)/8). Suppose 3*v = -5*r + 8279, 5*r = -0*v - h*v + 8281. Is r composite?
False
Let n(m) = -1357*m**3 - m**2 - 54*m - 317. Is n(-7) composite?
False
Suppose 0 = -5*s - 20, -19 - 50 = -h + 3*s. Suppose -4*b - 2*i - 165 = 87, 0 = -b - 2*i - h. Let r = 243 + b. Is r a composite number?
True
Let s = 2 - 0. Suppose 170 = 295*j - 261*j. Suppose 5939 = j*q - 4*x, s*q - 4*q + 5*x = -2379. Is q a composite number?
False
Let r be (5 - (-2)/(20/(-65)))*-76476. Is (1/(-6))/((-3)/r*1) a composite number?
False
Let p be 22298 + 1 + 2*(-5)/(-10). Suppose 6*l = 11*l - p. Suppose 5*b - b = l. Is b composite?
True
Suppose 11*z - 2570 = 36573 + 4230. Is z composite?
False
Let a(r) = -34672*r - 87. Is a(-8) composite?
True
Let v(n) = 48*n - 38*n - 30 - 25*n - n**2. Let q be v(-13). Let l(x) = 57*x**2 + x - 7. Is l(q) a prime number?
False
Let c = -131713 - -242592. Is c composite?
False
Let u = 90434 - 18057. Is u a composite number?
True
Suppose -k + 5*k + 168 = 0. Let t = 231 + -407. Let i = k - t. Is i composite?
True
Suppose 0 = 5*l + m - 55343, -m = -6*l + 2*l + 44269. Suppose -5*f = 3*n - 13835, -l = -4*f - 6*n + 3*n. Is f composite?
False
Suppose 130*a - 13957853 = 21033857. Is a a prime number?
True
Is (-3)/((-18)/(-31215))*(63 - 65) a prime number?
False
Suppose h = -17 - 22. Let o be 4/(-6) + h/9. Is (-1053)/o + 9/(135/6) prime?
True
Suppose -4*q - 16 = 0, -q = z - 6*z + 19. Suppose -55779 = -0*h - z*h. Is h a composite number?
False
Suppose -71*o + 6244528 = -79263825. Is o composite?
True
Let n(m) = -805*m**2 - 4*m - 11. Let j(o) = -402*o**2 - 2*o - 5. Let l(p) = -9*j(p) + 4*n(p). Let c(s) = s + 7. Let r be c(-8). Is l(r) composite?
False
Suppose -6*p + p + 278805 = 5*y, 6*y - p = 334601. Is y a prime number?
False
Suppose 0 = -13*a + 19*a - 186. Suppose -a*y + 24608 = -15*y. Is y composite?
True
Let j = 97079 - -32468. Is j composite?
True
Let l(n) = -1153*n - 2. Suppose 0 = -2*z + 6 + 12. Suppose 9*f + z = -0*f. Is l(f) prime?
True
Let t = -80 - -74. Let o = 20 + t. Suppose o*f - 21382 - 19540 = 0. Is f a prime number?
False
Is ((-2)/(-21)*7)/((-4)/(-1327494)) composite?
True
Let q = -81668 - -377985. Is q prime?
False
Let k(v) = 3*v**3 + 38*v**2 + 5*v - 4. Let z be k(-19). Let a = z - -13479. Is a composite?
False
Is ((-9)/(-9))/((8/(-271858))/(-4)) a composite number?
False
Suppose 71 = -18*r - 19. Let u(t) = 52*t**2 + 3*t - 26. Is u(r) a composite number?
False
Suppose -5*s = r - 189754, 201*r - 197*r + 189759 = 5*s. Is s a composite number?
False
Let y = -410 - -715. Let b = -484 - -337. Let s = y + b. Is s composite?
True
Suppose 0 = -5*s - 3*m + 262, 0 = 5*s - 2*m - 51 - 191. Let c = -50 + s. Suppose c = -y + 223 + 426. Is y prime?
False
Suppose -3*h = -4*h - w + 4, 0 = -4*h + 4*w - 16. Suppose -5*f - 3*z + 23995 = 0, z = f - 6*f + 23985. Suppose h = -4*u - 784 + f. Is u a composite number?
True
Suppose -20 + 24 = h. Suppose -h*r + 0*o - o + 10 = 0, 5*r + 2*o - 11 = 0. Suppose w + 1329 = r*p - 3*w, p = -4*w + 459. Is p a composite number?
True
Suppose 0 = 27*g - 34*g + 64253. Is g a composite number?
True
Suppose 3*x - 5375436 = -4*h - 1777915, 0 = -x - 2*h + 1199169. Is x a composite number?
False
Let c = 122 - 64. Suppose 0 = -0*k + k - c. Is (8/12)/2*(-1 + k) a prime number?
True
Suppose 4 + 8 = 4*u. Let t be ((-48)/(-144))/((-2)/(-36)). Is ((-37)/2)/(-1*u/t) composite?
False
Suppose 6*n = -47 + 65. Suppose 3*f = -12, n*f = -5*p + 10*p - 97687. Is p composite?
True
Let q(y) = 820*y**2 + 82*y + 41. Is q(8) prime?
False
Let b be -2 + 655 + 1 + -4. Suppose 4*o + 3*l + 0*l - 1336 = 0, 0 = -2*o + 3*l + b. Let d = o + 171. Is d a prime number?
False
Let r(s) = 228*s**2 + 2*s + 31. Let a be r(8). Suppose -h - a = -2*w, 2*w + h = 4*h + 14641. Is w a composite number?
True
Is (-5)/(-25) - (0 + 78357)*(-44)/10 a prime number?
False
Is 27/432 + ((-8632184)/(-128) - -8) a prime number?
True
Let r(x) = -2252*x - 18. Let p be r(-8). Suppose -5*t + 90592 = -p. Is t composite?
True
Let l = -200921 - -348340. Is l composite?
False
Let y be (4/(-6))/(14/(-105)). Let w(p) = 140*p**3 - 11*p**2 + 76*p + 6. Is w(y) a composite number?
True
Let d(g) = 137*g**2 + 93*g - 81. Is d(13) a prime number?
True
Let j = 16831 + 54640. Is j composite?
False
Let v(s) = 61302*s + 467. Is v(12) composite?
False
Suppose 3*m = 5*o - 5755, 32*m - 1153 = -o + 33*m. Suppose 4*d = -10 + 34. Suppose 970 + o = d*v. Is v prime?
True
Let k(l) = 58*l + 1150067. Is k(0) a prime number?
False
Let m be (-6 - 0 - -5) + 7. Is m + -8 - -17261 - 1 a composite number?
True
Suppose -4*z + 4*t + 61280 = 0, -51*z - 30648 = -53*z - 2*t. Let r = z + -8261. Is r prime?
False
Suppose -4*d + 2*z + 17 = -25, -15 = -2*d - z. Suppose 4*u = 4*v + 46792, -d*u + 4*u - v = -58496. Is u a prime number?
True
Let g = 5394 - 11942. Is (2/((-16)/g))/((-2)/(-4)) composite?
False
Suppose 0 = -4*i + 24415 + 1801. Suppose 0 = 7*f - 2833 - i. Let n = f + -84. Is n composite?
True
Let w(r) = -67261*r - 4106. Is w(-9) prime?
False
Suppose 36*i = 1046972 - 63191 - 42273. Is i a prime number?
True
Is (-17606)/(10 - (10 - -13 - 11)) a composite number?
False
Let o = 119 - 109. Suppose -o*g + 259 = -3*g. Is g composit